{"id":2752,"date":"2023-12-31T01:58:42","date_gmt":"2023-12-31T01:58:42","guid":{"rendered":"https:\/\/augenpraxis-gifhorn.de\/?page_id=2752"},"modified":"2024-01-28T16:17:16","modified_gmt":"2024-01-28T16:17:16","slug":"impressum","status":"publish","type":"page","link":"https:\/\/augenpraxis-gifhorn.de\/index.php\/impressum\/","title":{"rendered":"Impressum"},"content":{"rendered":"\t\t<div data-elementor-type=\"wp-page\" data-elementor-id=\"2752\" class=\"elementor elementor-2752\" data-elementor-post-type=\"page\">\n\t\t\t\t<div class=\"elementor-element elementor-element-aa51329 e-flex e-con-boxed e-con e-parent\" data-id=\"aa51329\" data-element_type=\"container\" data-e-type=\"container\">\n\t\t\t\t\t<div class=\"e-con-inner\">\n\t\t<div class=\"elementor-element elementor-element-d373a82 e-con-full e-flex e-con e-child\" data-id=\"d373a82\" data-element_type=\"container\" data-e-type=\"container\">\n\t\t\t\t<div class=\"elementor-element elementor-element-6e55df3 elementor-widget elementor-widget-heading\" data-id=\"6e55df3\" data-element_type=\"widget\" data-e-type=\"widget\" data-widget_type=\"heading.default\">\n\t\t\t\t<div class=\"elementor-widget-container\">\n\t\t\t\t\t<h2 class=\"elementor-heading-title elementor-size-default\">Impressum<\/h2>\t\t\t\t<\/div>\n\t\t\t\t<\/div>\n\t\t\t\t<div class=\"elementor-element elementor-element-ef47443 elementor-widget__width-initial elementor-widget elementor-widget-text-editor\" data-id=\"ef47443\" data-element_type=\"widget\" data-e-type=\"widget\" data-widget_type=\"text-editor.default\">\n\t\t\t\t<div class=\"elementor-widget-container\">\n\t\t\t\t\t\t\t\t\t<p class=\"preFade fadeIn\"><strong>Dr. (Univ. Sousse) Houcem Ghribi &amp; <\/strong><br \/><strong>Dr.med. Ahmad Alsamman<\/strong><\/p><p class=\"preFade fadeIn\"><strong>Cardenap 12d <\/strong><br \/><strong>38518 Gifhorn<\/strong><\/p><p class=\"preFade fadeIn\"><strong>fon: 0 53 71 &#8211; 12 23 1 <\/strong><br \/><strong>fax: 0 53 71 &#8211; 94 18 70<\/strong><\/p><p class=\"preFade fadeIn\"><a href=\"https:\/\/augenpraxis-gifhorn.de\/\"><strong>www.augenpraxis-gifhorn.de<\/strong><\/a><br \/><strong>info@augenpraxis-gifhorn.de<\/strong><\/p><p>\u00a0<\/p><p>\u00a0<\/p><p>\u00a0<\/p><p>\u00a0<\/p><p>\u00a0<\/p>\t\t\t\t\t\t\t\t<\/div>\n\t\t\t\t<\/div>\n\t\t\t\t<\/div>\n\t\t<div class=\"elementor-element elementor-element-a7db61b e-con-full e-flex e-con e-child\" data-id=\"a7db61b\" data-element_type=\"container\" data-e-type=\"container\">\n\t\t\t\t<div class=\"elementor-element elementor-element-4d917d6 elementor-widget elementor-widget-text-editor\" data-id=\"4d917d6\" data-element_type=\"widget\" data-e-type=\"widget\" data-widget_type=\"text-editor.default\">\n\t\t\t\t<div class=\"elementor-widget-container\">\n\t\t\t\t\t\t\t\t\t<h5 class=\"sqsrte-large preFade fadeIn\">Zust\u00e4ndige Aufsichtsbeh\u00f6rde:<\/h5><p class=\"preFade fadeIn\"><a href=\"http:\/\/www.kvn.de\/\" target=\"_blank\" rel=\"noopener\">Kassen\u00e4rztliche Vereinigung Niedersachsen<\/a><\/p><p class=\"preFade fadeIn\">Berliner Allee 22<br \/>30175 Hannover<\/p><p class=\"preFade fadeIn\">Telefon: 0511\/380-03<br \/>Fax: 0511\/380-3491<br \/>E-Mail: info@kvn.de<br \/><a href=\"http:\/\/www.kvn.de\/\" target=\"_blank\" rel=\"noopener\">www.kvn.de<\/a><\/p><p class=\"sqsrte-large preFade fadeIn\">Zust\u00e4ndige Landes\u00e4rztekammer:<\/p><p class=\"preFade fadeIn\"><a href=\"https:\/\/www.aekn.de\/\" target=\"_blank\" rel=\"noopener\">\u00c4rztekammer Niedersachsen<\/a><\/p><p class=\"preFade fadeIn\">Berliner Allee 20<br \/>30175 Hannover<\/p><p class=\"preFade fadeIn\">Telefon: 0511\/380-02<br \/>Fax: 0511\/380-2240<br \/>E-Mail: info@aekn.de<br \/>Internet:\u00a0<a href=\"http:\/\/www.aekn.de\/\" target=\"_blank\" rel=\"noopener\">www.aekn.de<\/a><\/p><p class=\"preFade fadeIn\">Die Befugnis zum F\u00fchren der Berufsbezeichnung \u201eArzt\u201c oder \u00c4rztin\u201c wurde Dr.(Univ. Sousse) Houcem Ghribi \u00a0und Dr. med. Ahmad Alsamman \u00a0in der Bundesrepublik Deutschland verliehen.<\/p><p class=\"preFade fadeIn\">Zust\u00e4ndige Aufsichtsbeh\u00f6rde: Landes\u00e4rztekammer Niedersachsen.<\/p><p class=\"preFade fadeIn\">Zust\u00e4ndige Kassen\u00e4rztliche Vereinigung:\u00a0<a href=\"http:\/\/www.kvn.de\/\" target=\"_blank\" rel=\"noopener\">Kassen\u00e4rztliche Vereinigung Niedersachsen<\/a>. Die Berufsordnung der<a href=\"http:\/\/www.bundesaerztekammer.de\/\" target=\"_blank\" rel=\"noopener\">\u00a0Bundes\u00e4rztekammer<\/a>\u00a0befindet sich auf der Homepage.<\/p><p class=\"preFade fadeIn\"><a href=\"http:\/\/www.bundesaerztekammer.de\/\" target=\"_blank\" rel=\"noopener\">Bundes\u00e4rztekammer<\/a><br \/>Herbert-Lewin-Platz 1 (Wegelystra\u00dfe)<br \/>10623 Berlin<br \/>Postfach 120 864<br \/>10589 Berlin<br \/>Tel.: (030) 400456-0<br \/>E-Mail: info@baek.de<br \/>www.baek.de<\/p><p class=\"preFade fadeIn\">Die Berufsordnung der zust\u00e4ndigen Aufsichtsbeh\u00f6rde finden Sie auf der Website der\u00a0<a href=\"http:\/\/www.aekn.de\/\" target=\"_blank\" rel=\"noopener\">Landes\u00e4rztkammer Niedersachsen<\/a>.\u00a0<a href=\"http:\/\/www.aekn.de\/\" target=\"_blank\" rel=\"noopener\">www.aekn.de<\/a><br \/>Das Heilberufsgesetz der zust\u00e4ndigen Aufsichtsbeh\u00f6rde finden Sie auf der Website der\u00a0<a href=\"http:\/\/www.aekn.de\/\" target=\"_blank\" rel=\"noopener\">Landes\u00e4rztkammer Niedersachsen<\/a>.<a href=\"http:\/\/www.aekn.de\/\" target=\"_blank\" rel=\"noopener\">\u00a0www.aekn.de<\/a><\/p><p class=\"sqsrte-large preFade fadeIn\"><strong>Berufsbezeichnung<\/strong><\/p><p class=\"sqsrte-small preFade fadeIn\">Arzt verliehen in der Bundesrepublik Deutschland<strong><br \/><\/strong>Dr. (Univ. Sousse) Houcem Ghribi<br \/>Approbation als Arzt 08.03.2016\u00a0Niedersachsen<\/p><p class=\"sqsrte-large preFade fadeIn\"><strong>Berufsbezeichnung<\/strong><\/p><p class=\"sqsrte-small preFade fadeIn\">Arzt verliehen in der Bundesrepublik Deutschland<strong><br \/><\/strong>Dr. med. Ahmad Alsamman<br \/>Approbation als\u00a0Arzt 12.09.2014\u00a0Niedersachsen<\/p>\t\t\t\t\t\t\t\t<\/div>\n\t\t\t\t<\/div>\n\t\t\t\t<\/div>\n\t\t\t\t\t<\/div>\n\t\t\t\t<\/div>\n\t\t\t\t<\/div>\n\t\t","protected":false},"excerpt":{"rendered":"<p>Impressum Dr. (Univ. Sousse) Houcem Ghribi &amp; Dr.med. Ahmad Alsamman Cardenap 12d 38518 Gifhorn fon: 0 53 71 &#8211; 12 23 1 fax: 0 53 71 &#8211; 94 18 70 www.augenpraxis-gifhorn.deinfo@augenpraxis-gifhorn.de \u00a0 \u00a0 \u00a0 \u00a0 \u00a0 Zust\u00e4ndige Aufsichtsbeh\u00f6rde: Kassen\u00e4rztliche Vereinigung Niedersachsen Berliner Allee 2230175 Hannover Telefon: 0511\/380-03Fax: 0511\/380-3491E-Mail: info@kvn.dewww.kvn.de Zust\u00e4ndige Landes\u00e4rztekammer: \u00c4rztekammer Niedersachsen Berliner Allee [&hellip;]<\/p>\n","protected":false},"author":1,"featured_media":0,"parent":0,"menu_order":0,"comment_status":"closed","ping_status":"closed","template":"elementor_header_footer","meta":{"footnotes":""},"class_list":["post-2752","page","type-page","status-publish","hentry"],"yoast_head":"<!-- This site is optimized with the Yoast SEO plugin v26.9 - https:\/\/yoast.com\/product\/yoast-seo-wordpress\/ -->\n<title>Impressum | Augenarztpraxis, Ambulante Augen-Op<\/title>\n<meta name=\"description\" content=\"Die Augen\u00e4rzte M\u00fchlenquartier in Gifhorn hei\u00dfen Sie herzlich willkommen! Unsere moderne Augenarztpraxis bietet ein hochqualifiziertes Team, das mit modernster medizinischer Technik ausgestattet ist. Wir verwenden innovative Diagnostik- und Behandlungsmethoden, um Ihren Arztbesuch zu einem Wohlf\u00fchlerlebnis zu machen. Besuchen Sie uns im M\u00fchlenquartier Gifhorn und buchen Sie Ihren Termin online. Wir bieten ein komfortables Gesamtpaket an medizinischen Behandlungen f\u00fcr Ihre Augengesundheit\" \/>\n<meta name=\"robots\" content=\"index, follow, max-snippet:-1, max-image-preview:large, max-video-preview:-1\" \/>\n<link rel=\"canonical\" href=\"https:\/\/augenpraxis-gifhorn.de\/index.php\/impressum\/\" \/>\n<meta property=\"og:locale\" content=\"de_DE\" \/>\n<meta property=\"og:type\" content=\"article\" \/>\n<meta property=\"og:title\" content=\"Impressum | Augenarztpraxis, Ambulante Augen-Op\" \/>\n<meta property=\"og:description\" content=\"Die Augen\u00e4rzte M\u00fchlenquartier in Gifhorn hei\u00dfen Sie herzlich willkommen! Unsere moderne Augenarztpraxis bietet ein hochqualifiziertes Team, das mit modernster medizinischer Technik ausgestattet ist. Wir verwenden innovative Diagnostik- und Behandlungsmethoden, um Ihren Arztbesuch zu einem Wohlf\u00fchlerlebnis zu machen. Besuchen Sie uns im M\u00fchlenquartier Gifhorn und buchen Sie Ihren Termin online. Wir bieten ein komfortables Gesamtpaket an medizinischen Behandlungen f\u00fcr Ihre Augengesundheit\" \/>\n<meta property=\"og:url\" content=\"https:\/\/augenpraxis-gifhorn.de\/index.php\/impressum\/\" \/>\n<meta property=\"og:site_name\" content=\"Augen\u00e4rzte M\u00fchlenquartier Gifhorn\" \/>\n<meta property=\"article:publisher\" content=\"https:\/\/www.facebook.com\/profile.php?id=61555730376764\" \/>\n<meta property=\"article:modified_time\" content=\"2024-01-28T16:17:16+00:00\" \/>\n<meta property=\"og:image\" content=\"https:\/\/augenpraxis-gifhorn.de\/wp-content\/uploads\/2024\/02\/facebook-image.jpg\" \/>\n\t<meta property=\"og:image:width\" content=\"960\" \/>\n\t<meta property=\"og:image:height\" content=\"640\" \/>\n\t<meta property=\"og:image:type\" content=\"image\/jpeg\" \/>\n<meta name=\"twitter:card\" content=\"summary_large_image\" \/>\n<meta name=\"twitter:label1\" content=\"Gesch\u00e4tzte Lesezeit\" \/>\n\t<meta name=\"twitter:data1\" content=\"1\u00a0Minute\" \/>\n<script type=\"application\/ld+json\" class=\"yoast-schema-graph\">{\"@context\":\"https:\/\/schema.org\",\"@graph\":[{\"@type\":\"WebPage\",\"@id\":\"https:\/\/augenpraxis-gifhorn.de\/index.php\/impressum\/\",\"url\":\"https:\/\/augenpraxis-gifhorn.de\/index.php\/impressum\/\",\"name\":\"Impressum | Augenarztpraxis, Ambulante Augen-Op\",\"isPartOf\":{\"@id\":\"https:\/\/augenpraxis-gifhorn.de\/#website\"},\"datePublished\":\"2023-12-31T01:58:42+00:00\",\"dateModified\":\"2024-01-28T16:17:16+00:00\",\"description\":\"Die Augen\u00e4rzte M\u00fchlenquartier in Gifhorn hei\u00dfen Sie herzlich willkommen! Unsere moderne Augenarztpraxis bietet ein hochqualifiziertes Team, das mit modernster medizinischer Technik ausgestattet ist. Wir verwenden innovative Diagnostik- und Behandlungsmethoden, um Ihren Arztbesuch zu einem Wohlf\u00fchlerlebnis zu machen. Besuchen Sie uns im M\u00fchlenquartier Gifhorn und buchen Sie Ihren Termin online. Wir bieten ein komfortables Gesamtpaket an medizinischen Behandlungen f\u00fcr Ihre Augengesundheit\",\"breadcrumb\":{\"@id\":\"https:\/\/augenpraxis-gifhorn.de\/index.php\/impressum\/#breadcrumb\"},\"inLanguage\":\"de\",\"potentialAction\":[{\"@type\":\"ReadAction\",\"target\":[\"https:\/\/augenpraxis-gifhorn.de\/index.php\/impressum\/\"]}]},{\"@type\":\"BreadcrumbList\",\"@id\":\"https:\/\/augenpraxis-gifhorn.de\/index.php\/impressum\/#breadcrumb\",\"itemListElement\":[{\"@type\":\"ListItem\",\"position\":1,\"name\":\"Startseite\",\"item\":\"https:\/\/augenpraxis-gifhorn.de\/\"},{\"@type\":\"ListItem\",\"position\":2,\"name\":\"Impressum\"}]},{\"@type\":\"WebSite\",\"@id\":\"https:\/\/augenpraxis-gifhorn.de\/#website\",\"url\":\"https:\/\/augenpraxis-gifhorn.de\/\",\"name\":\"Augen\u00e4rzte M\u00fchlenquartier\",\"description\":\"Augenarztpraxis, Ambulante Augen-Op\",\"publisher\":{\"@id\":\"https:\/\/augenpraxis-gifhorn.de\/#organization\"},\"potentialAction\":[{\"@type\":\"SearchAction\",\"target\":{\"@type\":\"EntryPoint\",\"urlTemplate\":\"https:\/\/augenpraxis-gifhorn.de\/?s={search_term_string}\"},\"query-input\":{\"@type\":\"PropertyValueSpecification\",\"valueRequired\":true,\"valueName\":\"search_term_string\"}}],\"inLanguage\":\"de\"},{\"@type\":\"Organization\",\"@id\":\"https:\/\/augenpraxis-gifhorn.de\/#organization\",\"name\":\"Augen\u00e4rzte M\u00fchlenquartier Gifhorn\",\"url\":\"https:\/\/augenpraxis-gifhorn.de\/\",\"logo\":{\"@type\":\"ImageObject\",\"inLanguage\":\"de\",\"@id\":\"https:\/\/augenpraxis-gifhorn.de\/#\/schema\/logo\/image\/\",\"url\":\"http:\/\/augenpraxis-gifhorn.de\/wp-content\/uploads\/2023\/12\/cropped-Logo_Augenaerzte_Muehlenquartier-Kopie.png\",\"contentUrl\":\"http:\/\/augenpraxis-gifhorn.de\/wp-content\/uploads\/2023\/12\/cropped-Logo_Augenaerzte_Muehlenquartier-Kopie.png\",\"width\":512,\"height\":512,\"caption\":\"Augen\u00e4rzte M\u00fchlenquartier Gifhorn\"},\"image\":{\"@id\":\"https:\/\/augenpraxis-gifhorn.de\/#\/schema\/logo\/image\/\"},\"sameAs\":[\"https:\/\/www.facebook.com\/profile.php?id=61555730376764\",\"https:\/\/www.instagram.com\/augenaerzte_muehlenquartier\/\"]}]}<\/script>\n<!-- \/ Yoast SEO plugin. -->","yoast_head_json":{"title":"Impressum | Augenarztpraxis, Ambulante Augen-Op","description":"Die Augen\u00e4rzte M\u00fchlenquartier in Gifhorn hei\u00dfen Sie herzlich willkommen! Unsere moderne Augenarztpraxis bietet ein hochqualifiziertes Team, das mit modernster medizinischer Technik ausgestattet ist. Wir verwenden innovative Diagnostik- und Behandlungsmethoden, um Ihren Arztbesuch zu einem Wohlf\u00fchlerlebnis zu machen. Besuchen Sie uns im M\u00fchlenquartier Gifhorn und buchen Sie Ihren Termin online. Wir bieten ein komfortables Gesamtpaket an medizinischen Behandlungen f\u00fcr Ihre Augengesundheit","robots":{"index":"index","follow":"follow","max-snippet":"max-snippet:-1","max-image-preview":"max-image-preview:large","max-video-preview":"max-video-preview:-1"},"canonical":"https:\/\/augenpraxis-gifhorn.de\/index.php\/impressum\/","og_locale":"de_DE","og_type":"article","og_title":"Impressum | Augenarztpraxis, Ambulante Augen-Op","og_description":"Die Augen\u00e4rzte M\u00fchlenquartier in Gifhorn hei\u00dfen Sie herzlich willkommen! Unsere moderne Augenarztpraxis bietet ein hochqualifiziertes Team, das mit modernster medizinischer Technik ausgestattet ist. Wir verwenden innovative Diagnostik- und Behandlungsmethoden, um Ihren Arztbesuch zu einem Wohlf\u00fchlerlebnis zu machen. Besuchen Sie uns im M\u00fchlenquartier Gifhorn und buchen Sie Ihren Termin online. Wir bieten ein komfortables Gesamtpaket an medizinischen Behandlungen f\u00fcr Ihre Augengesundheit","og_url":"https:\/\/augenpraxis-gifhorn.de\/index.php\/impressum\/","og_site_name":"Augen\u00e4rzte M\u00fchlenquartier Gifhorn","article_publisher":"https:\/\/www.facebook.com\/profile.php?id=61555730376764","article_modified_time":"2024-01-28T16:17:16+00:00","og_image":[{"width":960,"height":640,"url":"https:\/\/augenpraxis-gifhorn.de\/wp-content\/uploads\/2024\/02\/facebook-image.jpg","type":"image\/jpeg"}],"twitter_card":"summary_large_image","twitter_misc":{"Gesch\u00e4tzte Lesezeit":"1\u00a0Minute"},"schema":{"@context":"https:\/\/schema.org","@graph":[{"@type":"WebPage","@id":"https:\/\/augenpraxis-gifhorn.de\/index.php\/impressum\/","url":"https:\/\/augenpraxis-gifhorn.de\/index.php\/impressum\/","name":"Impressum | Augenarztpraxis, Ambulante Augen-Op","isPartOf":{"@id":"https:\/\/augenpraxis-gifhorn.de\/#website"},"datePublished":"2023-12-31T01:58:42+00:00","dateModified":"2024-01-28T16:17:16+00:00","description":"Die Augen\u00e4rzte M\u00fchlenquartier in Gifhorn hei\u00dfen Sie herzlich willkommen! Unsere moderne Augenarztpraxis bietet ein hochqualifiziertes Team, das mit modernster medizinischer Technik ausgestattet ist. Wir verwenden innovative Diagnostik- und Behandlungsmethoden, um Ihren Arztbesuch zu einem Wohlf\u00fchlerlebnis zu machen. Besuchen Sie uns im M\u00fchlenquartier Gifhorn und buchen Sie Ihren Termin online. Wir bieten ein komfortables Gesamtpaket an medizinischen Behandlungen f\u00fcr Ihre Augengesundheit","breadcrumb":{"@id":"https:\/\/augenpraxis-gifhorn.de\/index.php\/impressum\/#breadcrumb"},"inLanguage":"de","potentialAction":[{"@type":"ReadAction","target":["https:\/\/augenpraxis-gifhorn.de\/index.php\/impressum\/"]}]},{"@type":"BreadcrumbList","@id":"https:\/\/augenpraxis-gifhorn.de\/index.php\/impressum\/#breadcrumb","itemListElement":[{"@type":"ListItem","position":1,"name":"Startseite","item":"https:\/\/augenpraxis-gifhorn.de\/"},{"@type":"ListItem","position":2,"name":"Impressum"}]},{"@type":"WebSite","@id":"https:\/\/augenpraxis-gifhorn.de\/#website","url":"https:\/\/augenpraxis-gifhorn.de\/","name":"Augen\u00e4rzte M\u00fchlenquartier","description":"Augenarztpraxis, Ambulante Augen-Op","publisher":{"@id":"https:\/\/augenpraxis-gifhorn.de\/#organization"},"potentialAction":[{"@type":"SearchAction","target":{"@type":"EntryPoint","urlTemplate":"https:\/\/augenpraxis-gifhorn.de\/?s={search_term_string}"},"query-input":{"@type":"PropertyValueSpecification","valueRequired":true,"valueName":"search_term_string"}}],"inLanguage":"de"},{"@type":"Organization","@id":"https:\/\/augenpraxis-gifhorn.de\/#organization","name":"Augen\u00e4rzte M\u00fchlenquartier Gifhorn","url":"https:\/\/augenpraxis-gifhorn.de\/","logo":{"@type":"ImageObject","inLanguage":"de","@id":"https:\/\/augenpraxis-gifhorn.de\/#\/schema\/logo\/image\/","url":"http:\/\/augenpraxis-gifhorn.de\/wp-content\/uploads\/2023\/12\/cropped-Logo_Augenaerzte_Muehlenquartier-Kopie.png","contentUrl":"http:\/\/augenpraxis-gifhorn.de\/wp-content\/uploads\/2023\/12\/cropped-Logo_Augenaerzte_Muehlenquartier-Kopie.png","width":512,"height":512,"caption":"Augen\u00e4rzte M\u00fchlenquartier Gifhorn"},"image":{"@id":"https:\/\/augenpraxis-gifhorn.de\/#\/schema\/logo\/image\/"},"sameAs":["https:\/\/www.facebook.com\/profile.php?id=61555730376764","https:\/\/www.instagram.com\/augenaerzte_muehlenquartier\/"]}]}},"_links":{"self":[{"href":"https:\/\/augenpraxis-gifhorn.de\/index.php\/wp-json\/wp\/v2\/pages\/2752","targetHints":{"allow":["GET"]}}],"collection":[{"href":"https:\/\/augenpraxis-gifhorn.de\/index.php\/wp-json\/wp\/v2\/pages"}],"about":[{"href":"https:\/\/augenpraxis-gifhorn.de\/index.php\/wp-json\/wp\/v2\/types\/page"}],"author":[{"embeddable":true,"href":"https:\/\/augenpraxis-gifhorn.de\/index.php\/wp-json\/wp\/v2\/users\/1"}],"replies":[{"embeddable":true,"href":"https:\/\/augenpraxis-gifhorn.de\/index.php\/wp-json\/wp\/v2\/comments?post=2752"}],"version-history":[{"count":34,"href":"https:\/\/augenpraxis-gifhorn.de\/index.php\/wp-json\/wp\/v2\/pages\/2752\/revisions"}],"predecessor-version":[{"id":4336,"href":"https:\/\/augenpraxis-gifhorn.de\/index.php\/wp-json\/wp\/v2\/pages\/2752\/revisions\/4336"}],"wp:attachment":[{"href":"https:\/\/augenpraxis-gifhorn.de\/index.php\/wp-json\/wp\/v2\/media?parent=2752"}],"curies":[{"name":"wp","href":"https:\/\/api.w.org\/{rel}","templated":true}]}}